{"id":65,"date":"2022-04-25T14:55:51","date_gmt":"2022-04-25T12:55:51","guid":{"rendered":"https:\/\/www.onlinevet-web.online\/?page_id=65"},"modified":"2022-04-25T14:55:51","modified_gmt":"2022-04-25T12:55:51","slug":"et-2020","status":"publish","type":"page","link":"https:\/\/www.onlinevet-web.online\/?page_id=65","title":{"rendered":"ET 2020"},"content":{"rendered":"<p>[et_pb_section fb_built=&#8220;1&#8243; theme_builder_area=&#8220;post_content&#8220; _builder_version=&#8220;4.17.0&#8243; _module_preset=&#8220;default&#8220;][et_pb_row _builder_version=&#8220;4.17.0&#8243; _module_preset=&#8220;default&#8220; theme_builder_area=&#8220;post_content&#8220;][et_pb_column _builder_version=&#8220;4.17.0&#8243; _module_preset=&#8220;default&#8220; type=&#8220;4_4&#8243; theme_builder_area=&#8220;post_content&#8220;][et_pb_text _builder_version=&#8220;4.17.0&#8243; _module_preset=&#8220;default&#8220; theme_builder_area=&#8220;post_content&#8220; hover_enabled=&#8220;0&#8243; sticky_enabled=&#8220;0&#8243;]<\/p>\n<h2 align=\"center\" style=\"text-align: center; vertical-align: baseline; margin: 0cm 0cm 22.5pt 0cm;\"><span lang=\"SK\" style=\"font-size: 30.0pt; font-family: 'Open Sans',sans-serif; color: #404b52; text-transform: uppercase; letter-spacing: -.75pt; font-weight: normal;\">EDUCATION AND TRAINING 2020<o:p><\/o:p><\/span><\/h2>\n<p>[\/et_pb_text][et_pb_image src=&#8220;https:\/\/www.onlinevet-web.online\/wp-content\/uploads\/2022\/04\/Screenshot-2022-04-25-at-14.54.01.png&#8220; _builder_version=&#8220;4.17.0&#8243; _module_preset=&#8220;default&#8220; theme_builder_area=&#8220;post_content&#8220; title_text=&#8220;Screenshot 2022-04-25 at 14.54.01&#8243; max_width=&#8220;31%&#8220; module_alignment=&#8220;center&#8220; hover_enabled=&#8220;0&#8243; sticky_enabled=&#8220;0&#8243;][\/et_pb_image][et_pb_text _builder_version=&#8220;4.17.0&#8243; _module_preset=&#8220;default&#8220; theme_builder_area=&#8220;post_content&#8220; hover_enabled=&#8220;0&#8243; sticky_enabled=&#8220;0&#8243;]<\/p>\n<p>EU countries are responsible for their education system and specialized training. The EU policy is designed to support domestic action and to assist in the solution of\u00a0<strong>mutual challenges<\/strong>\u00a0such as aging societies, a lack of labor skills and global competition. The Education and Specialized Training 2020 (ET 2020) is a framework for cooperation in education and specialized training field.<\/p>\n<p>The ET 2020 is a forum for the exchange of good practices, mutual education, gathering and information and data dissemination about what functions in practice; and also consultancy and support for politic reforms.<\/p>\n<p>To ensure the successful implementation of ET 2020, the working groups composed of experts nominated by Member States and other involved parties work on the establishment of common instruments and policy directing at the EU level.<\/p>\n<p>The policy support and innovative project funding is available through the Erasmus program for activities that promote learning and education at all levels and for all age groups.<\/p>\n<p>Four mutual EU goals for the solution to challenges in the field of education and specialized training by 2020 were stated through ET 2020 in 2009:<\/p>\n<ul>\n<li>to ensure realization of lifelong education and mobility<\/li>\n<li>to improve quality and effectiveness of education and specialized training,<\/li>\n<li>to support equality, social cohesiveness and active citizenship,<\/li>\n<li>to strengthen creative and innovation fields, including business skills at all education and specialized training levels.<\/li>\n<\/ul>\n<p>These EU criteria goals were stated for the educated area for 2020:<\/p>\n<ul>\n<li>at least 95% children (from the age of 4 years old to mandatory school age) should participate on preschool education,<\/li>\n<li>range of 15 years old pupils with unsatisfactory skills in reading, math and science should be lower than 15%,<\/li>\n<li>a rate of early education or specialized training termination of young people in 18 \u2013 24 years old should get lower than 10%,<\/li>\n<li>at least 40% of people in 30 \u2013 40 years old should finish some form of university study,<\/li>\n<li>at least 15% of adults should participate in lifelong learning,<\/li>\n<li>minimum 20% graduates of university study and 6% of people at age of 18 till 34 years old with an initial specialized qualification should study a certain period or participate in specialized training abroad,<\/li>\n<li>range of employed graduates (at age of 20 \u2013 34 years old with finished upper secondary education as minimum, who finished education no later than previous 3 years) should be 82 %.<\/li>\n<\/ul>\n<p>[\/et_pb_text][\/et_pb_column][\/et_pb_row][\/et_pb_section]<\/p>\n","protected":false},"excerpt":{"rendered":"<p>EDUCATION AND TRAINING 2020EU countries are responsible for their education system and specialized training. The EU policy is designed to support domestic action and to assist in the solution of\u00a0mutual challenges\u00a0such as aging societies, a lack of labor skills and global competition. The Education and Specialized Training 2020 (ET 2020) is a framework for cooperation [&hellip;]<\/p>\n","protected":false},"author":1,"featured_media":0,"parent":0,"menu_order":0,"comment_status":"closed","ping_status":"closed","template":"","meta":{"_et_pb_use_builder":"on","_et_pb_old_content":"","_et_gb_content_width":"","_monsterinsights_skip_tracking":false,"_monsterinsights_sitenote_active":false,"_monsterinsights_sitenote_note":"","_monsterinsights_sitenote_category":0},"yoast_head":"<!-- This site is optimized with the Yoast SEO plugin v18.5.1 - https:\/\/yoast.com\/wordpress\/plugins\/seo\/ -->\n<title>ET 2020 - Onlinevet<\/title>\n<meta name=\"robots\" content=\"index, follow, max-snippet:-1, max-image-preview:large, max-video-preview:-1\" \/>\n<link rel=\"canonical\" href=\"https:\/\/www.onlinevet-web.online\/?page_id=65\" \/>\n<meta property=\"og:locale\" content=\"sk_SK\" \/>\n<meta property=\"og:type\" content=\"article\" \/>\n<meta property=\"og:title\" content=\"ET 2020 - Onlinevet\" \/>\n<meta property=\"og:description\" content=\"EDUCATION AND TRAINING 2020EU countries are responsible for their education system and specialized training. The EU policy is designed to support domestic action and to assist in the solution of\u00a0mutual challenges\u00a0such as aging societies, a lack of labor skills and global competition. The Education and Specialized Training 2020 (ET 2020) is a framework for cooperation [&hellip;]\" \/>\n<meta property=\"og:url\" content=\"https:\/\/www.onlinevet-web.online\/?page_id=65\" \/>\n<meta property=\"og:site_name\" content=\"Onlinevet\" \/>\n<meta name=\"twitter:card\" content=\"summary_large_image\" \/>\n<script type=\"application\/ld+json\" class=\"yoast-schema-graph\">{\"@context\":\"https:\/\/schema.org\",\"@graph\":[{\"@type\":\"WebSite\",\"@id\":\"https:\/\/www.onlinevet-web.online\/#website\",\"url\":\"https:\/\/www.onlinevet-web.online\/\",\"name\":\"Onlinevet\",\"description\":\"Len \u010fal\u0161ia WordPress str\u00e1nka\",\"potentialAction\":[{\"@type\":\"SearchAction\",\"target\":{\"@type\":\"EntryPoint\",\"urlTemplate\":\"https:\/\/www.onlinevet-web.online\/?s={search_term_string}\"},\"query-input\":\"required name=search_term_string\"}],\"inLanguage\":\"sk-SK\"},{\"@type\":\"WebPage\",\"@id\":\"https:\/\/www.onlinevet-web.online\/?page_id=65#webpage\",\"url\":\"https:\/\/www.onlinevet-web.online\/?page_id=65\",\"name\":\"ET 2020 - Onlinevet\",\"isPartOf\":{\"@id\":\"https:\/\/www.onlinevet-web.online\/#website\"},\"datePublished\":\"2022-04-25T12:55:51+00:00\",\"dateModified\":\"2022-04-25T12:55:51+00:00\",\"breadcrumb\":{\"@id\":\"https:\/\/www.onlinevet-web.online\/?page_id=65#breadcrumb\"},\"inLanguage\":\"sk-SK\",\"potentialAction\":[{\"@type\":\"ReadAction\",\"target\":[\"https:\/\/www.onlinevet-web.online\/?page_id=65\"]}]},{\"@type\":\"BreadcrumbList\",\"@id\":\"https:\/\/www.onlinevet-web.online\/?page_id=65#breadcrumb\",\"itemListElement\":[{\"@type\":\"ListItem\",\"position\":1,\"name\":\"Home\",\"item\":\"https:\/\/www.onlinevet-web.online\/\"},{\"@type\":\"ListItem\",\"position\":2,\"name\":\"ET 2020\"}]}]}<\/script>\n<!-- \/ Yoast SEO plugin. -->","yoast_head_json":{"title":"ET 2020 - Onlinevet","robots":{"index":"index","follow":"follow","max-snippet":"max-snippet:-1","max-image-preview":"max-image-preview:large","max-video-preview":"max-video-preview:-1"},"canonical":"https:\/\/www.onlinevet-web.online\/?page_id=65","og_locale":"sk_SK","og_type":"article","og_title":"ET 2020 - Onlinevet","og_description":"EDUCATION AND TRAINING 2020EU countries are responsible for their education system and specialized training. The EU policy is designed to support domestic action and to assist in the solution of\u00a0mutual challenges\u00a0such as aging societies, a lack of labor skills and global competition. The Education and Specialized Training 2020 (ET 2020) is a framework for cooperation [&hellip;]","og_url":"https:\/\/www.onlinevet-web.online\/?page_id=65","og_site_name":"Onlinevet","twitter_card":"summary_large_image","schema":{"@context":"https:\/\/schema.org","@graph":[{"@type":"WebSite","@id":"https:\/\/www.onlinevet-web.online\/#website","url":"https:\/\/www.onlinevet-web.online\/","name":"Onlinevet","description":"Len \u010fal\u0161ia WordPress str\u00e1nka","potentialAction":[{"@type":"SearchAction","target":{"@type":"EntryPoint","urlTemplate":"https:\/\/www.onlinevet-web.online\/?s={search_term_string}"},"query-input":"required name=search_term_string"}],"inLanguage":"sk-SK"},{"@type":"WebPage","@id":"https:\/\/www.onlinevet-web.online\/?page_id=65#webpage","url":"https:\/\/www.onlinevet-web.online\/?page_id=65","name":"ET 2020 - Onlinevet","isPartOf":{"@id":"https:\/\/www.onlinevet-web.online\/#website"},"datePublished":"2022-04-25T12:55:51+00:00","dateModified":"2022-04-25T12:55:51+00:00","breadcrumb":{"@id":"https:\/\/www.onlinevet-web.online\/?page_id=65#breadcrumb"},"inLanguage":"sk-SK","potentialAction":[{"@type":"ReadAction","target":["https:\/\/www.onlinevet-web.online\/?page_id=65"]}]},{"@type":"BreadcrumbList","@id":"https:\/\/www.onlinevet-web.online\/?page_id=65#breadcrumb","itemListElement":[{"@type":"ListItem","position":1,"name":"Home","item":"https:\/\/www.onlinevet-web.online\/"},{"@type":"ListItem","position":2,"name":"ET 2020"}]}]}},"_links":{"self":[{"href":"https:\/\/www.onlinevet-web.online\/index.php?rest_route=\/wp\/v2\/pages\/65"}],"collection":[{"href":"https:\/\/www.onlinevet-web.online\/index.php?rest_route=\/wp\/v2\/pages"}],"about":[{"href":"https:\/\/www.onlinevet-web.online\/index.php?rest_route=\/wp\/v2\/types\/page"}],"author":[{"embeddable":true,"href":"https:\/\/www.onlinevet-web.online\/index.php?rest_route=\/wp\/v2\/users\/1"}],"replies":[{"embeddable":true,"href":"https:\/\/www.onlinevet-web.online\/index.php?rest_route=%2Fwp%2Fv2%2Fcomments&post=65"}],"version-history":[{"count":2,"href":"https:\/\/www.onlinevet-web.online\/index.php?rest_route=\/wp\/v2\/pages\/65\/revisions"}],"predecessor-version":[{"id":70,"href":"https:\/\/www.onlinevet-web.online\/index.php?rest_route=\/wp\/v2\/pages\/65\/revisions\/70"}],"wp:attachment":[{"href":"https:\/\/www.onlinevet-web.online\/index.php?rest_route=%2Fwp%2Fv2%2Fmedia&parent=65"}],"curies":[{"name":"wp","href":"https:\/\/api.w.org\/{rel}","templated":true}]}}